 composite?
True
Let t(h) = -h - 3. Let g be t(-4). Let i be (g*199)/(-4 - -5). Let n = i - 22. Is n prime?
False
Suppose 5*n = 4*c + 5042 + 915, 4*c = -12. Is n a prime number?
False
Let i(s) = 49*s - 8. Let o = 12 - 5. Is i(o) prime?
False
Let m = -3 - -5. Suppose 0 = b + m*b + 3. Is (-1 + 31 - b)*1 a prime number?
True
Is (-4)/22 - (141060/(-55))/4 a composite number?
False
Is 2011/(-3*(-1)/15) a prime number?
False
Suppose -5*w + v + 11 = 0, -2*w - 3*w + 9 = v. Let t(u) = 2*u**2 - 2*u + 1. Let a be t(w). Suppose -2*b = 2*i + 2*i - 332, -3*b - 415 = -a*i. Is i composite?
False
Let a(m) = m**3 - 10*m**2 - 11*m - 6. Let u be a(11). Let k be (2/u)/((-1)/9). Suppose -11 = k*v - 140. Is v a composite number?
False
Suppose 1161 + 67 = 4*s. Is s prime?
True
Suppose 0 = p - 2*a - 14, a - 2*a + 101 = 4*p. Let f = p - -14. Suppose 0 = -5*s - 2*t + 59, s - 4*t + 13 = f. Is s composite?
False
Let k = -2348 + 3601. Is k a composite number?
True
Let t(q) = 46*q**2 + 2*q - 1. Is t(2) composite?
True
Suppose -a = 3*a + 204. Let c = a - -86. Is c a composite number?
True
Let r(s) = s + 10. Let y be r(-8). Suppose -44 - 14 = y*g. Let m = 223 + g. Is m composite?
True
Suppose 32 = -2*s + s. Let f = s - -83. Is f composite?
True
Let o be 31 + -2 + (-1 - -2). Suppose -z = -6*z - o. Let u(w) = -w**3 - 5*w**2 + 5*w + 7. Is u(z) a composite number?
False
Let o(s) = 8*s**2 - 5*s + 1. Is o(-2) a prime number?
True
Let r(l) = -l. Let y be r(-3). Suppose 150 = 5*p - 4*j, 4*p - y*p - 3*j = 41. Is p a prime number?
False
Let b be (105/(-20))/(6/(-32)). Let y = b - -19. Is y a prime number?
True
Suppose -1 + 3 = -2*o, 4*z - 2*o = 21526. Is z composite?
False
Suppose 0 = u + 3*u - 2956. Is u a composite number?
False
Suppose -u - j + 55 = -0, u - 61 = -4*j. Is u prime?
True
Let l(a) = 15*a + 1. Let x = 4 - 3. Let j be l(x). Suppose 5 + j = z. Is z a composite number?
True
Let v(d) = 4*d + 108. Let r(m) = 3*m + 109. Let g(h) = 3*r(h) - 2*v(h). Is g(0) composite?
True
Let v(x) = -38*x + 12. Let c = -9 - -4. Is v(c) composite?
True
Let w = 2 - -4. Let r(k) = k**2 + 5*k - 7. Is r(w) a prime number?
True
Let s(v) be the second derivative of -v**5/20 - v**4/6 + 5*v**3/6 + v**2 - 2*v. Let p be s(4). Let r = p + 123. Is r composite?
True
Suppose -3*s + 2*d = 13, 0*s - 12 = 2*s - 2*d. Let l be ((-10)/(-4))/(s/2). Let u(v) = v + 11. Is u(l) composite?
True
Let g = 862 + -341. Is g a prime number?
True
Suppose -3 = -4*l + 3*l. Suppose l*b + b - 308 = 0. Is b prime?
False
Let v = 10 + -6. Suppose -4*f + 0*z + 6 = -3*z, -f - 5 = -v*z. Suppose 4*m = -f*x - x + 96, 0 = 3*m - 3*x - 54. Is m a prime number?
False
Suppose 2*u + q - 73 = 0, -2 - 2 = -4*q. Let d = 58 + u. Is d a prime number?
False
Let n = 327 + -176. Let t = n - 82. Is t prime?
False
Is 91 - (4 - (3 - 1)) composite?
False
Let n(l) = -l**3 + 16*l**2 + 16*l. Let j be n(14). Suppose 4*t + 228 = j. Is t composite?
False
Suppose -4*b + 792 = -140. Is b a composite number?
False
Let h(a) = a**2 + 3*a + 15. Is h(10) a composite number?
True
Let r = 33 - 16. Suppose -3*l - l = 5*n - 107, r = n + 3*l. Is n a prime number?
True
Suppose -w = -2*b + 974, -4*b + 4*w + 1948 = -0*w. Is b composite?
False
Let t be 4/(-10) + 22/5. Suppose 1542 = 7*o - t*o. Is o prime?
False
Let s be (-12)/(-54) - (-130)/(-18). Let d = s - -66. Is d prime?
True
Let s = -9 + 14. Suppose 291 = s*n - 2*n. Is n a prime number?
True
Suppose -655 = -3*h + 404. Is h a composite number?
False
Let k be ((-16)/(-5))/((-8)/(-20)). Suppose 0 = 2*f - k + 4. Suppose -4*o - 29 = -3*m, -f + 4 = -o. Is m a composite number?
False
Let t = -104 - -182. Let a = t + 55. Is a composite?
True
Let v = -3 - -4. Let p be ((-3)/(-3))/(v/(-69)). Let s = p + 118. Is s composite?
True
Suppose l - 116 = -1. Let q = 53 - l. Let v = q + 99. Is v prime?
True
Let l(o) = o**3 - 13*o**2 - o + 31. Is l(18) composite?
True
Let j be (-4)/(-14) - (-4)/(-14). Suppose j = -a + 3*a - 56. Suppose m = -3*m + a. Is m composite?
False
Suppose f + f = -4. Let p be 1/f + (-26)/(-4). Is ((-4)/p)/((-6)/333) a prime number?
True
Suppose 5*b - 276 = 1034. Suppose -523 = -5*p + b. Is p composite?
False
Let k(a) = 123*a**2 - a + 1. Is k(2) a composite number?
False
Let n be (14/(-4))/(5/(-590)). Suppose -2*l + v + 295 = 0, 3*v = -4*l + n + 152. Is l a prime number?
False
Let a(b) be the third derivative of 41*b**4/8 - 4*b**2. Is a(1) prime?
False
Suppose -5*o + 0*c - 4*c + 140 = 0, 28 = o + 5*c. Suppose o = 4*r - q + 5*q, 2*r - 19 = 3*q. Let v = r + 27. Is v composite?
True
Suppose -2*c = -10*c + 3896. Is c composite?
False
Suppose -200 = -2*m + 6*m. Suppose -2*v - 413 = -7*v + 4*l, -4*v + 334 = -2*l. Let r = m + v. Is r a composite number?
True
Let l = -360 + 516. Suppose -31 = 5*t - l. Is t a prime number?
False
Let i be 6 - (0 - 0 - 0). Is ((-164)/i)/(4/(-30)) a composite number?
True
Let v(m) be the third derivative of 7*m**5/60 + m**4/12 + 5*m**2. Is v(-3) a composite number?
True
Suppose -3*x + 0*x + 1281 = 0. Let i = 650 - x. Is i composite?
False
Let c(g) = g**3 + 12*g**2 - 16*g - 10. Let n be c(-11). Suppose -2*i + n + 311 = 0. Is i a composite number?
True
Is ((-16)/(-80))/(1/2455) composite?
False
Suppose 5*t + 52 + 118 = 0. Suppose 236 = -0*z + 4*z. Let f = z - t. Is f a prime number?
False
Suppose 6*a + 3853 = 4*o + a, 0 = -o - 3*a + 976. Is o a prime number?
True
Let o(p) = 322*p**2 + 1. Let l be o(-1). Suppose 3*n - l = 232. Is n a prime number?
False
Is (2 - 39)*-39 - 2 composite?
True
Let l be (-1 + 3)*(-215)/(-2). Suppose -4*i + 261 = -267. Let b = l - i. Is b a prime number?
True
Suppose 2*t - 31 = 5. Suppose 4*q - q - t = 0. Is q/(-15) + (-474)/(-10) a prime number?
True
Suppose -l - 10 = -3*l + 5*a, 0 = -4*l - 2*a - 4. Suppose -5*w + l*w = -285. Suppose 125 = 3*u + 5*p - w, 2*u - 4*p = 114. Is u a prime number?
True
Suppose 5*h - 561 = y, 2*h + h + 4*y = 355. Is h a composite number?
False
Let t(r) = r**3 + 4*r**2 + 7*r + 1. Let y be t(5). Suppose 0 = -4*w + 5*o + y, 6*w - 4*o - 138 = 4*w. Is w a composite number?
False
Let i(l) = -5*l**2 - l - 9. Let k(z) = -4*z**2 - z - 8. Let q(u) = -3*i(u) + 4*k(u). Let n(x) = x**2 + 6. Let v(j) = -6*n(j) - 7*q(j). Is v(-8) composite?
False
Let h(p) = p**3 - 7*p**2 + 6*p - 15. Is h(8) a composite number?
False
Let j(m) = 854*m**2 + 2*m + 1. Is j(-1) a prime number?
True
Let h be 3/(-3) - (-2)/(-2). Let d be h - (-4 - 0/1). Let v = 81 + d. Is v a composite number?
False
Let b = -9 - -14. Suppose 2*p + 5*g = 460, -3*p + 713 = -b*g + g. Is p a composite number?
True
Suppose -4*u - 3*h - 7 + 2 = 0, -2*u - 6 = -2*h. Let s = 4 + u. Is (-1 + s)*(74 - -3) a prime number?
False
Suppose -4*l + 19 = -3*v, 0 = -l + 6*l + 4*v - 16. Let h = 0 + l. Suppose 3*r + 55 = h*r. Is r prime?
False
Suppose 3*a - s + 7 = 4*a, -3*s + 5 = -a. Suppose a*j - 450 = -94. Is j prime?
True
Suppose 0 = -4*h + 1173 - 169. Is h a composite number?
False
Let v(t) = -t - 4. Let d be v(-3). Let z be 4/(-12)*(d + -182). Let b = -28 + z. Is b a composite number?
True
Suppose -4*a = 2*y + a - 2177, -3*a = y - 1086. Is y a prime number?
False
Let a be ((-24)/3)/((-2)/1). Suppose 2*g - 4*w - 50 = -2*w, -5*w + 15 = 0. Suppose -g = -a*q + 12. Is q a prime number?
False
Let h = 234 - 101. Is h a composite number?
True
Let t be (4 - 4) + 365 + 1. Let i = t - -23. Is i composite?
False
Let b(q) = -159*q + 64. Is b(-17) a prime number?
True
Suppose 4*u = 5*t - 26, -5*t - 3*u = -9 - 24. Let m(f) = f**3 - 4*f**2 - 8*f + 7. Is m(t) a prime number?
True
Suppose 10*t - 37279 = -t. Is t prime?
True
Let c be ((-9)/(-6))/((-6)/(-16)). Suppose -3*d = -c*k + 245, 346 = 3*k + 5*d + 126. Is k prime?
False
Let z be -2*(-3 + 2) - 1. Let r = z + 2. Is r prime?
True
Suppose -4*i - 487 = -5*a - 0*i, 5*i = a - 110. Suppose 4*y - g - 34 = 48, -5*g = -5*y + a. Is y a composite number?
True
Let f be 744/10*(-40)/(-6). Suppose 2*z = -4*s + 478, 3*s - 4*z = -s + f. Is s prime?
False
Let x(u) be the first derivative of 2*u + 5*u**3 - 3*u**2 + u + 5*u**2 - 2. Is x(-2) prime?
False
Let f(h) = -216*h + 46. Is f(-5) a prime number?
False
Is (-2)/(((-5)/(-14305))/(2/(-4))) a composite number?
False
Is 12/24 - 2834/(-4) a composite number?
False
Let a = 3 - 3. Suppose 27 = -a*l + 3*l. Is l prime?
False
Let a = 593 - -698. Is a a